(3). Let r be -9 - 0 - (-3 - y)/(-1). Determine g(r).
-1
Let j(k) be the first derivative of -2*k**3/3 - 7*k**2/2 - 5*k + 34. Determine j(-4).
-9
Let f be (-7)/((-182)/100) + (-4)/(-26). Suppose -s = f*q - 15, -7*s - 3*q = -4*s - 18. Let p(r) = -r**3 + 2*r**2 + r - 1. Give p(s).
-7
Let p(k) be the third derivative of k**5/60 - k**3/6 - 2*k**2. Let q(y) = y**3 + 9*y**2 + 5*y - 6. Let g = -5 + 8. Let o(s) = g*p(s) - q(s). Determine o(-5).
3
Let a(i) = -22*i + 1. Let z = -54 + 56. Determine a(z).
-43
Suppose 0 = -3*t + 6*t + g - 2, 4*t + 5*g + 12 = 0. Let v(b) = -3 - 3*b + 5 - 20*b**t + 14*b**2 - b**3 + 10*b**2. Calculate v(3).
2
Let r(k) = -k**3 + 3*k**2 - k - 2. Let d(x) = x**3 + 3*x**2 - 2. Let j be d(-2). Suppose 0 = -w - j*w - 18. Let s be 7 + w/3 - 2. Give r(s).
-5
Suppose -c - 18 = -7*c. Let x(o) = -o**3 + 72*o**2 + 71*o**2 + 2 - 140*o**2 + o. What is x(c)?
5
Let d(w) be the third derivative of -w**5/60 - 5*w**4/24 + 4*w**3/3 + w**2. Let o(l) = -l**3 - 9*l**2 - 5*l + 17. Let b = 46 - 54. Let h be o(b). Give d(h).
-6
Let u be (-92)/(-28) + 95/133. Let i(s) = s**2 - 5*s - 1. Give i(u).
-5
Let k(h) = -h**2 - 4*h - 6. Let i(r) = 3*r**2 + 9*r + 16. Let g(u) = 3*i(u) + 8*k(u). Give g(3).
-6
Let u(y) be the second derivative of -y**8/6720 + 11*y**7/2520 - y**6/720 + 7*y**5/60 + 7*y**4/12 - y. Let n(h) be the third derivative of u(h). Give n(11).
3
Let x(q) = -q**3 + 5*q**2 - 5*q - 2. Suppose 4*b - 3*g = 80, -4*b = -5*g - 0*g - 80. Suppose -2*o + 76 = b. Suppose o - 8 = 5*i. What is x(i)?
-6
Let t = -140 + 137. Let a(g) = -2*g - 3 + 4*g - 6*g. Determine a(t).
9
Let d be (-737)/(-55) + -13 - 2/(-20). Let x(u) be the third derivative of 0 - 1/24*u**4 + d*u**3 + 0*u - 6*u**2. Determine x(0).
3
Let u(i) = -i + 2. Let h(p) = p**3 + 2*p**2 - 3*p - 5. Let m be h(-2). Suppose -b + 6 = -x, -m = 3*x - 4*b + 19. What is u(x)?
6
Let z(g) = -g + 0*g - 92830 + 92832. Calculate z(6).
-4
Let k(g) = -g - 4. Let q(s) = 5*s**2 + 16*s + 9. Let p(o) = 11*o**2 + 33*o + 18. Let u = -22 + 35. Let f(i) = u*q(i) - 6*p(i). Let r be f(11). Determine k(r).
-2
Let c(u) = -4*u - 4. Let y(z) = z + 1. Let v(i) = 2*c(i) + 9*y(i). Let l = 244 + -254. What is v(l)?
-9
Let t(q) = 3*q**2 + 16*q + 44. Let r(l) = 2*l**2 + 10*l + 30. Let j(y) = -7*r(y) + 5*t(y). What is j(-9)?
1
Suppose -4*h - 32 = -5*i, 0 = -2*i - 4*h - 4 - 0. Let m(b) = -b + 0*b + i + b - b. Let r be 4*(3/(-6) + (-1)/2). Calculate m(r).
8
Suppose 4*x + 10*h - 5*h - 33 = 0, 4*h = 3*x + 14. Let w(z) = -5*z**3 + 2*z**2 + z - 2. What is w(x)?
-32
Let u(b) = 2*b + 1. Let t(v) = -10*v**2 - 10*v - 6. Let y(o) = t(o) + 5*u(o). Give y(1).
-11
Let j(l) = -3 - 2 - 3*l + 2*l. Let h = 27 - 33. Let r be (0/(h - 0))/(-5 - -1). Give j(r).
-5
Let n = 31 - 19. Suppose j + j = -n. Let t(l) = -1 - 25*l + 43*l - 19*l. What is t(j)?
5
Let p be (1/(-2))/(((-90)/48)/(-15)). Let h(m) = -7*m**3 - 11*m**2 + 3*m + 4. Let a(g) = 8*g**3 + 12*g**2 - 4*g - 4. Let l(v) = -6*a(v) - 7*h(v). Give l(p).
0
Let i(s) be the second derivative of -1/3*s**3 - 1/20*s**5 + s**2 + 0 + 13*s - 1/3*s**4. Determine i(-2).
-2
Let z(p) = -7 + 10 + 2*p + 1 - 13. What is z(6)?
3
Let m(k) = 7*k**3 + 11*k**2 + 12*k + 2. Let l be m(-1). Let b(x) = -1. Let a(d) = -3*d - 5. Let h(t) = -a(t) - 4*b(t). Calculate h(l).
-9
Suppose 4 = -l + 5*a, 0 = -2*a + 294 - 302. Let z(t) = 3*t + 60. What is z(l)?
-12
Let z(g) be the first derivative of 2*g**2 + g + 38. What is z(-4)?
-15
Suppose 4*s - 5*u = 28, s + u = 3*s - 8. Suppose -f + t = -t - s, -6 = -3*f + 4*t. Let i(k) = k**3 + 3*k**2 + 2 + k - 10 - 4*k**2 + f. Calculate i(0).
-6
Let p(w) = -w**3 - 6*w**2 - 2*w - 13. Let t(f) = -41*f + 322. Let i be t(8). Determine p(i).
-1
Let q(d) = -3*d - 22. Suppose -k - 2*h = 2*k + 18, -30 = 5*k + 5*h. Let t be q(k). Let o(v) = v**3 + 6*v**2 + 6*v + 5. Determine o(t).
13
Suppose -17*f + 16 = -33*f. Let q(b) = -20*b**3 + 6*b**2 - 11*b - 14. Let p(d) = -7*d**3 + 2*d**2 - 4*d - 5. Let u(n) = -11*p(n) + 4*q(n). Calculate u(f).
4
Let m(q) = -q + 15. Let s(v) = v**3 - 8*v**2 + 8. Let a be s(8). Calculate m(a).
7
Let f(l) = l**3 + 4*l**2 + l + 1. Let v(h) be the first derivative of 3*h**2/2 - h - 5. Let y be v(1). Suppose -u - 4*m = 0, -3*u + y*m = 2*u + 22. Give f(u).
-3
Let k(g) be the first derivative of 1 - 3/2*g**2 - g. Let u(h) = h**3 - 8*h**2 + 6*h + 9. Let t be u(7). Determine k(t).
-7
Let j(z) = -3*z - 5. Suppose 0 = 2*k + 5*a - 3 - 7, 3*a = 2*k - 26. Suppose 2*w = -3*n - 25, 2 = 2*n - 3*w + k. Calculate j(n).
16
Suppose -3*r = 5*t + 40, 5*t + 31*r - 36*r = 0. Let p(z) = -2*z**2 - 7*z + 3. What is p(t)?
-12
Let s(w) = 4*w**2 - w**3 - 1 + 6*w**2 + 2*w - 12*w**2 + 4*w**2. Calculate s(2).
3
Let c(b) = 4*b - 9. Let a = 13 + -16. Let q(u) = -7*u + 19. Let r(n) = a*q(n) - 5*c(n). Give r(8).
-4
Let m(j) = -j**3 - 7*j**2 - 5*j + 4. Let q be (24/(-32))/(1/(-8)). Suppose c + 0*c + q = 0. Determine m(c).
-2
Let w(y) = -2*y. Let j(k) = k. Let b(x) = 2*j(x) + 3*w(x). Give b(6).
-24
Let p = 135 + -133. Suppose -5*b - 36 = -2*g, -p*b + 0*g - 27 = -5*g. Let a(z) = z**2 + 6*z - 5. What is a(b)?
-5
Let l(y) = y - 14. Let i(q) = -5*q**2 - 44*q + 9. Let b be i(-9). Calculate l(b).
-14
Let y(p) = -3*p**2 + 32*p - 9. Let c(s) = 2*s**2 - 22*s + 6. Let z(f) = 7*c(f) + 5*y(f). Determine z(3).
6
Let l(i) = i + 4. Let v be l(0). Let m(z) = 2*z**2 - 3*z**2 + v*z - 2*z - 2. Let u be (-8)/(-2) + (-9)/(45/10). Determine m(u).
-2
Suppose 10 = 6*o - 2. Suppose 0 = -3*x - 2*x + v - 10, -x - 2 = -o*v. Let d(q) = 5*q + 3. Give d(x).
-7
Let n = -8 - -8. Let g(u) = n - 2*u**2 - 4*u**2 - u**3 + 2*u**2 - 1 - u. Suppose 5 = -x + 3. Determine g(x).
-7
Let s(b) = 4*b**2 - b**3 - 9 + 4*b**2 + 3*b + b. Let r(u) = -3*u**3 + 23*u**2 + 11*u - 26. Let k(n) = 4*r(n) - 11*s(n). Let w = -3969 + 3973. Determine k(w).
-5
Suppose -25 = 5*y - 0*y. Let p(o) = -482 - 2*o + 484 + 13*o - 10*o. Give p(y).
-3
Let n = 12 - 10. Suppose -w + 0*q - 3*q + 1 = 0, -2 = n*q. Let b(j) = -w*j**2 - j**2 + 4*j**2 + 0*j**2. What is b(0)?
0
Let q(w) be the second derivative of w**5/20 + 5*w**4/12 + w**3 + w**2/2 - 250*w. Give q(-4).
-7
Let f be ((-6)/12)/((-1)/12). Let z(u) = -f*u - 8 + 12*u - 8*u. What is z(-6)?
4
Let w(n) = -2*n**3 + 7*n**2 - 4*n - 3. Let l be 3 + (8/12)/(10/15). Calculate w(l).
-35
Suppose 20*b + 12 = 17*b. Let m be b/(3 + 1) + 14/(-2). Let p(v) = -2*v - 8. What is p(m)?
8
Let y = -1694 + 1686. Let d(i) = -6*i**3 - 7*i**2 + 9*i + 8. Let x(l) = 7*l**3 + 7*l**2 - 9*l - 8. Let h(w) = 6*d(w) + 5*x(w). What is h(y)?
0
Let r(p) = -p**2 + p + 3. Suppose 0*d + 5 = d. Let m = -5 + d. Let n(v) = v**3 - v**2 - 3. Let k be n(m). Calculate r(k).
-9
Let k(x) = -x**2 + x + 1. Let w(q) = -21*q + 62. Let o be w(3). Calculate k(o).
-1
Suppose -3*k - 2*u + 21 - 23 = 0, -2*u = -k + 10. Let b(s) be the third derivative of -1/24*s**4 + 2/3*s**3 + 6*s**k + 0*s + 0. Calculate b(0).
4
Let s(q) = -q**3 - 8*q**2 - 4*q - 3. Suppose -w + 20 = -3*p, -4*p - 407*w + 405*w = 30. Determine s(p).
-24
Let l(p) = p**3 - p**2 + 2*p + 3. Let n(i) = -2*i**2 - i. Let h(w) = l(w) - n(w). Calculate h(-2).
-7
Suppose 3 = s, 2*u - 10 = -2*s + 10. Let x(z) be the third derivative of -z**5/60 + z**4/4 + z**3 - 2*z**2. Give x(u).
-1
Let q(r) = r + 6. Let l be 1/(-1) - (3 - 9). Suppose 0 = 2*x - 7*x - l. Let f be -4 - x - (5 + -1). Give q(f).
-1
Let q(y) = 2*y + 2. Suppose 31 - 471 = 8*o. Let x be 2/(-8) + o/20. What is q(x)?
-4
Let v(h) = 2*h**3 - 5*h**2 - 5*h + 4. Let x(o) be the third derivative of o**5/60 + o**4/24 - 28*o**2. Let p(q) = v(q) + 2*x(q). Calculate p(3).
22
Let t(l) = -l**2 + 4*l + 9. Let n be t(6). Let s(m) = -7*m - 10. Let d(f) = -20*f - 28. Let h(g) = -5*d(g) + 14*s(g). What is h(n)?
-6
Let k(f) = -f**2 + 3*f - 1. Let z be k(3). Let h = 2 + z. Let n(v) = -h - 3 + 0 + 3 + v. What is n(0)?
-1
Suppose -7*z - 3 = -4*z. Let m be 2 - z - (4 + -6). Let x(p) = -3*p**2 - m*p + 42 + p**2 - 45. Give x(-3).
-6
Let a(l) = -l**2 + 8*l - 13. Let z(w) = -w + 4. Let d(f) = -a(f) - 2*z(f). Give d(8).
21
Let z(k) be the first derivative of -3*k**2 - 5*k + 1/3*k**3 - 4. What is z(7)?
2
Let r(s) = s**3 + s**2 - 9. Let j(v) = -3 + 3*v - 1 + v**2 + 2 + 4. Let w be j(-2). Let a be w/(4 - 24/4). Determine r(a).
-9
Let u(b) = b**3 - 4*b**2 + 2*b - 3. Suppose -5*m = 82 - 382. Suppose -2*q + m = q. S